3
Let x(a) be the first derivative of a**3/3 - a**2/2 + 43*a + 5. List the prime factors of x(0).
43
Let u = -11 + 11. Suppose u = -2*h + 10 + 12. What are the prime factors of h?
11
What are the prime factors of (-6)/21 - 135/(-7)?
19
Let p(h) = h - 4. Let t be p(8). Suppose -8 = t*u - 2*u. List the prime factors of (-60)/(-25)*(-10)/u.
2, 3
Let a(g) = 4*g**2 + 22*g + 3. List the prime factors of a(-6).
3, 5
Let t(l) = -l**3 + 4*l**2 - 2*l + 5. Suppose -4*c + 7 = -13. Let f be t(c). What are the prime factors of ((-12)/(-30))/((-1)/f)?
2, 3
Suppose 4*z + 9*d = 4*d - 7, -3*z + 3*d = -15. Let y(r) = r**2 - 8*r - 9. Let o be y(8). What are the prime factors of (-87)/o + z/6?
2, 5
Suppose -2*d = -2*i - 6 + 2, 4*i = -12. Let l be 3 - 2 - d - 3. List the prime factors of 7 - ((2 - -1) + l).
5
Let j(w) = -3*w - 3. Suppose 6 = f + f. Let d = f - 5. What are the prime factors of j(d)?
3
Suppose -3 = 2*g + 11. What are the prime factors of (6/g)/(14/(-49))?
3
Let b = 55 - 35. What are the prime factors of b?
2, 5
Let j be -3 + (-8 + 0)*-5. Let z = j + -18. What are the prime factors of z?
19
Let v be (9/18)/((-1)/(-12)). Let f(a) = -4*a**2. Let r be f(1). Let x = v + r. What are the prime factors of x?
2
Suppose u - 3*b = -4*b + 77, 217 = 3*u - 4*b. What are the prime factors of u?
3, 5
Let v = 195 + -111. Suppose -5*k + 87 = 3*a - 2*k, -4*a + 4*k = -v. What are the prime factors of a?
5
Let y be 15 + -2 + 2/1. Suppose -4*l = l - y. What are the prime factors of l?
3
Let d(u) = u**3 + 6*u**2 - u - 2. What are the prime factors of d(-5)?
2, 7
Let g(x) = -22*x - 37. List the prime factors of g(-18).
359
Suppose -245 = -4*j + 115. What are the prime factors of j?
2, 3, 5
Let c(h) = -h**3 + 4*h**2 + 2. Let u = 7 - 1. Suppose 0 = a - 3*a + u. List the prime factors of c(a).
11
Let z = 75 + -37. List the prime factors of z.
2, 19
Let l(q) = 128*q**2. List the prime factors of l(1).
2
Let u(m) = -m**3 + 10*m**2 - 7*m - 11. Let d = -6 + 15. List the prime factors of u(d).
7
Let o = 45 + 35. Suppose 40 = 5*p - o. List the prime factors of p.
2, 3
Let l = -9 - -9. Suppose -5*a = -3*x + 96, -2*x = -5*a - l*a - 69. List the prime factors of x.
3
Let b(l) = -2*l**2 + 5. Let s be b(-4). Let z = 49 + s. What are the prime factors of z?
2, 11
Suppose j + 0*a = 4*a + 48, -25 = -5*a. What are the prime factors of j?
2, 17
Let h(w) = -w**2 - 10*w + 5. Let v be h(-10). Suppose m = v*b + 5, -4 = -2*b - 2*b. What are the prime factors of m?
2, 5
Let j be 0 - (0/2 + -1). Let h = 2 + j. Suppose n - h = 1. What are the prime factors of n?
2
Suppose 231 = 3*g - 0*g. List the prime factors of g.
7, 11
Let a(z) be the second derivative of -z**4/6 + z**3/3 + z. Let g be a(2). List the prime factors of (g/(-5))/((-6)/(-15)).
2
What are the prime factors of (-3)/(-5) + 128/20?
7
Let i be (3/(-2))/((-18)/(-24)). Let a be 1/i - 1/(-2). Suppose -5*k + 4*b + 60 = a, -52 = -4*k - 0*k + 4*b. What are the prime factors of k?
2
Let o = 13 + 2. What are the prime factors of (-22)/(-3) - 5/o?
7
Let w be ((-36)/(-27))/((-4)/(-114)). Let j = -14 + w. List the prime factors of j.
2, 3
Let m(t) = t**3 - 11*t**2 + 10*t + 3. Let r be m(10). Let n = 15 - 10. Suppose -r*d - n = -w + d, -17 = -w + d. List the prime factors of w.
3, 7
Suppose 11 = 3*n + 4*v, -43 = -5*n + 2*n + 4*v. Let l be (-2)/(-6) + 51/n. Suppose -q = -l*q + 50. List the prime factors of q.
2, 5
Suppose -3*v + 25 = 5*k, -k + 6 = -3*k + 2*v. What are the prime factors of 1/((-50)/26 + k)?
13
Let j(k) be the third derivative of 1/4*k**4 - 1/60*k**5 - 2*k**2 + 0*k + 0 - 1/3*k**3. List the prime factors of j(5).
3
Suppose -3*v = -0*v. Let a(k) be the second derivative of k**3/6 + 8*k**2 + k. What are the prime factors of a(v)?
2
Suppose 200 = 2*d - 7*d. Let f = -24 - d. What are the prime factors of f?
2
Let r(k) = -4*k**2 + 8*k. Let w(m) = 5*m**2 - 7*m - 1. Let x(p) = 4*r(p) + 3*w(p). What are the prime factors of x(10)?
7
Let c(x) = 5*x + 2. Let q be (-4)/(-6)*(-1 + 4). List the prime factors of c(q).
2, 3
Let n = 594 + -384. What are the prime factors of n?
2, 3, 5, 7
Suppose 0 = -3*j + 5*g + 181, 3*g + 10 = g. Suppose -4*r = 3*k - 29, j = 5*r + 3*k + 18. List the prime factors of r.
5
Let h = 799 - 569. What are the prime factors of h?
2, 5, 23
List the prime factors of 392/6*(-21)/(-14).
2, 7
Let h(o) = 17 - o - 40*o**3 + 7*o**2 + o**2 + 39*o**3. List the prime factors of h(8).
3
Let o(y) = y**2 + 1. Let k be 4/(-14) - (-24)/(-14). Let q be 1/k - (-35)/14. What are the prime factors of o(q)?
5
Suppose -3*q = 5*g + q - 562, 0 = -3*g + 5*q + 315. List the prime factors of g.
2, 5, 11
Let u(r) = r**3 + 2*r**2 + r - 2. Let x be u(2). Suppose 0 = -s - 0 + x. What are the prime factors of s?
2
What are the prime factors of 81 + (-12)/(-8)*-2?
2, 3, 13
Let t(x) = x + 11. Let k be t(-9). List the prime factors of (k - -1)*4/4.
3
Let t = 12 - 7. What are the prime factors of t?
5
Suppose -5*i = -3*i - 4. List the prime factors of i.
2
Suppose 46 = 7*k - 3*k - 2*u, -4*u + 4 = 0. Suppose x - k = -0*x. List the prime factors of x.
2, 3
Let f(r) be the third derivative of r**4/8 - r**3/6 - 2*r**2. Suppose 5*g = 2*d + 5 - 4, 0 = -3*g + 4*d - 5. What are the prime factors of f(g)?
2
Let m be (5 - -2) + 1*-2. Suppose 84 = 4*l + m*c, -8 = -2*l + 2*c + 16. List the prime factors of l.
2
Suppose -4*x = -4*b - 276, -3*x + 89 = -2*b - 114. What are the prime factors of x?
5, 13
Let u(h) = -6*h - 5 + 6*h - 4*h. List the prime factors of u(-4).
11
Let v(m) = -6*m + 2 - 4 + 3 - 5. List the prime factors of v(-4).
2, 5
Let a(g) = 2*g**2 + 6*g - 4. What are the prime factors of a(4)?
2, 13
Let u(n) = -6*n**2 + 11*n - 4. Let t(k) = k**2 - k - 1. Let c(g) = -5*t(g) - u(g). List the prime factors of c(6).
3
Let v(z) = -z + 4. Let s be v(4). Suppose -3*c + 5*c - 8 = s. List the prime factors of c.
2
Suppose -2*h = -h - 4. Let m(t) be the first derivative of t**3/3 - 3*t**2/2 - 1. List the prime factors of m(h).
2
Suppose 4*h + w - 17 = -0*h, -3 = -2*h + 5*w. Suppose 8 = 2*b - h*r, 3*b + 3*r = 5*r + 28. What are the prime factors of b?
2, 3
Suppose 0 = 3*i - 5*i. Let l(d) = -6 + 2 - 1 + 5*d + i. What are the prime factors of l(4)?
3, 5
Let g be (-4)/2*3/(-2). Let k = 3 + g. List the prime factors of k.
2, 3
Let z be (-4)/(-22) - 270/33. What are the prime factors of 2/z - 520/(-32)?
2
Suppose -d = -5*x + 6 - 25, 4*x = -3*d. Suppose -3*p - d - 4 = -5*n, 5*p - 24 = -n. What are the prime factors of p?
2
Let g(y) = 7*y + 5. List the prime factors of g(6).
47
Suppose -3*s = -2*s + 6. What are the prime factors of (-2)/s + (-100)/(-6)?
17
Suppose 3*p - 162 = -3. What are the prime factors of p?
53
Let k(u) = 6*u**2 + 22*u - 2. What are the prime factors of k(-6)?
2, 41
Let z be 1/2 - 165/10. Let w = 24 + z. What are the prime factors of w?
2
Let l(h) = h**3 - 9*h**2 - 5*h - 6. List the prime factors of l(10).
2, 11
Suppose 0 = 3*c - 5*t - 0*t - 141, 0 = -2*c - t + 81. List the prime factors of c.
2, 3, 7
Suppose 0 = l - 4*q + 15, l + l = 4*q - 10. Suppose -1 = -l*f + 9. What are the prime factors of f?
2
What are the prime factors of (-1)/(1*1/(-36))?
2, 3
List the prime factors of ((-3)/(-3))/((-8)/(-56)).
7
Suppose 4*s = -2*q + 396, -5*q = -2*s - 0*s + 186. Let b = s + -42. What are the prime factors of b?
2, 7
Let i = -23 + 25. Suppose -i*l - 3*n = -13, l + n - 11 = 4*n. List the prime factors of l.
2
Suppose 21 = a - 17. List the prime factors of a.
2, 19
Let h(l) = -l**2 - 4*l - 1. Let r be h(-2). Suppose 0 = y + r*n + 63, -5*y + 0*n = 2*n + 302. List the prime factors of y/(-16) + (-6)/8.
3
Let p = 30 - -48. List the prime factors of p.
2, 3, 13
Suppose -2*u + 73 = 2*x - 3*u, 0 = 4*x + 4*u - 116. Suppose -4*r + 42 = -x. What are the prime factors of r?
19
Suppose -5*l = 20 + 70. Let i(n) = -n**3 + 7*n**2 - 5*n + 8. Let x be i(7). Let y = l - x. List the prime factors of y.
3
Let p(g) = g - 1. Let w be p(-3). What are the prime factors of (-2)/w + (-30)/(-4)?
2
Let y(d) = 8*d**3 + 2*d**2 - 1. Let w be y(1). Suppose -4*g + w*g - 100 = 0. Suppose -3*h - 1 + 11 = -2*i, i = 4*h - g. List the prime factors of h.
2, 3
Suppose -10 = 5*o, 0*o + o = -2*u + 8. List the prime factors of u.
5
Let o(s) = 37*s**2 - 2*s + 1. What are the prime factors of o(2)?
5, 29
Let j